 429?
4
What is the tens digit of 2823?
2
What is the hundreds digit of 68871?
8
What is the hundreds digit of 36891?
8
What is the units digit of 1047?
7
What is the hundreds digit of 2774?
7
What is the units digit of 1038?
8
What is the units digit of 1292?
2
What is the hundreds digit of 19209?
2
What is the tens digit of 870?
7
What is the hundreds digit of 2840?
8
What is the thousands digit of 3068?
3
What is the units digit of 519?
9
What is the hundreds digit of 26456?
4
What is the tens digit of 3513?
1
What is the thousands digit of 2209?
2
What is the units digit of 799?
9
What is the units digit of 6343?
3
What is the hundreds digit of 70030?
0
What is the units digit of 2069?
9
What is the units digit of 3479?
9
What is the units digit of 2361?
1
What is the tens digit of 11932?
3
What is the units digit of 86?
6
What is the tens digit of 95728?
2
What is the ten thousands digit of 45066?
4
What is the tens digit of 579?
7
What is the thousands digit of 4775?
4
What is the tens digit of 2709?
0
What is the ten thousands digit of 25798?
2
What is the hundreds digit of 114?
1
What is the units digit of 1671?
1
What is the hundreds digit of 1311?
3
What is the tens digit of 6024?
2
What is the hundreds digit of 703?
7
What is the tens digit of 10021?
2
What is the tens digit of 2322?
2
What is the hundreds digit of 714?
7
What is the units digit of 4096?
6
What is the hundreds digit of 15909?
9
What is the units digit of 14398?
8
What is the hundreds digit of 1583?
5
What is the units digit of 10640?
0
What is the units digit of 176?
6
What is the thousands digit of 4189?
4
What is the hundreds digit of 1757?
7
What is the hundreds digit of 208?
2
What is the hundreds digit of 841?
8
What is the hundreds digit of 555?
5
What is the units digit of 677?
7
What is the tens digit of 22938?
3
What is the tens digit of 535?
3
What is the units digit of 3813?
3
What is the tens digit of 111076?
7
What is the thousands digit of 7742?
7
What is the tens digit of 128431?
3
What is the hundreds digit of 20181?
1
What is the hundreds digit of 2196?
1
What is the hundreds digit of 162148?
1
What is the tens digit of 22283?
8
What is the tens digit of 1116?
1
What is the units digit of 3024?
4
What is the thousands digit of 3091?
3
What is the tens digit of 44101?
0
What is the hundreds digit of 2051?
0
What is the hundreds digit of 27032?
0
What is the thousands digit of 19238?
9
What is the hundreds digit of 928?
9
What is the tens digit of 36971?
7
What is the units digit of 331?
1
What is the units digit of 15608?
8
What is the hundreds digit of 4424?
4
What is the hundreds digit of 1504?
5
What is the thousands digit of 1921?
1
What is the hundreds digit of 4343?
3
What is the hundreds digit of 9429?
4
What is the units digit of 10727?
7
What is the units digit of 6516?
6
What is the ten thousands digit of 19584?
1
What is the hundreds digit of 2002?
0
What is the thousands digit of 1790?
1
What is the tens digit of 81658?
5
What is the units digit of 116878?
8
What is the hundreds digit of 1630?
6
What is the hundreds digit of 1810?
8
What is the tens digit of 9032?
3
What is the units digit of 70?
0
What is the hundreds digit of 1171?
1
What is the tens digit of 480?
8
What is the tens digit of 13777?
7
What is the hundreds digit of 242?
2
What is the units digit of 1267?
7
What is the units digit of 426?
6
What is the thousands digit of 5412?
5
What is the tens digit of 931?
3
What is the tens digit of 793?
9
What is the thousands digit of 8565?
8
What is the units digit of 2033?
3
What is the thousands digit of 79820?
9
What is the hundreds digit of 2224?
2
What is the tens digit of 3629?
2
What is the tens digit of 22798?
9
What is the hundreds digit of 2464?
4
What is the hundreds digit of 4073?
0
What is the hundreds digit of 2891?
8
What is the ten thousands digit of 72704?
7
What is the tens digit of 184395?
9
What is the thousands digit of 1457?
1
What is the tens digit of 371?
7
What is the hundreds digit of 112039?
0
What is the tens digit of 445?
4
What is the units digit of 10366?
6
What is the tens digit of 29382?
8
What is the tens digit of 6673?
7
What is the ten thousands digit of 62354?
6
What is the hundreds digit of 339?
3
What is the ten thousands digit of 57307?
5
What is the thousands digit of 21583?
1
What is the units digit of 1297?
7
What is the tens digit of 5962?
6
What is the units digit of 921?
1
What is the tens digit of 5426?
2
What is the units digit of 7858?
8
What is the tens digit of 42567?
6
What is the units digit of 110317?
7
What is the thousands digit of 9473?
9
What is the tens digit of 26949?
4
What is the ten thousands digit of 24482?
2
What is the thousands digit of 1751?
1
What is the ten thousands digit of 52153?
5
What is the units digit of 2798?
8
What is the thousands digit of 98114?
8
What is the units digit of 32506?
6
What is the tens digit of 7186?
8
What is the tens digit of 15885?
8
What is the thousands digit of 1292?
1
What is the units digit of 80018?
8
What is the tens digit of 5396?
9
What is the units digit of 1550?
0
What is the tens digit of 339?
3
What is the hundreds digit of 4943?
9
What is the thousands digit of 28551?
8
What is the tens digit of 1280?
8
What is the units digit of 98532?
2
What is the hundreds digit of 2941?
9
What is the hundreds digit of 1666?
6
What is the thousands digit of 12886?
2
What is the units digit of 86?
6
What is the hundreds digit of 2485?
4
What is the units digit of 13260?
0
What is the thousands digit of 2702?
2
What is the ten thousands digit of 45835?
4
What is the units digit of 3429?
9
What is the thousands digit of 51716?
1
What is the ten thousands digit of 18351?
1
What is the thousands digit of 1544?
1
What is the hundreds digit of 6047?
0
What is the hundreds digit of 33036?
0
What is the hundreds digit of 2096?
0
What is the tens digit of 952?
5
What is the units digit of 4938?
8
What is the hundreds digit of 154?
1
What is the thousands digit of 2015?
2
What is the units digit of 33021?
1
What is the hundreds digit of 8278?
2
What is the units digit of 49687?
7
What is the thousands digit of 4845?
4
What is the units digit of 34234?
4
What is the tens digit of 584?
8
What is the ten thousands digit of 75193?
7
What is the tens digit of 1202?
0
What is the units digit of 274?
4
What is the hundreds digit of 5255?
2
What is the hundreds digit of 6239?
2
What is the units digit of 24842?
2
What is the thousands digit of 4108?
4
What is the tens digit of 1599?
9
What is the hundreds digit of 737?
7
What is the units digit of 38160?
0
What is the units digit of 45858?
8
What is the hundreds digit of 1533?
5
What is the tens digit of 5127?
2
What is the thousands digit of 43186?
3
What is the tens digit of 2614?
1
What is the units digit of 302?
2
What is the thousands digit of 1547?
1
What is the thousands digit of 8484?
8
What is the tens digit of 57826?
2
What is the units digit of 1561?
1
What is the thousands digit of 8827?
8
What is the tens digit of 26644?
4
What is the thousands digit of 15406?
5
What is the tens digit of 29632?
3
What is the tens digit of 54583?
8
What is the ten thousands digit of 68173?
6
What is the hundreds digit of 2764?
7
What is the units digit of 4494?
4
What is the tens digit of 5057?
5
What is the tens digit of 709?
0
What is the hundreds digit of 6616?
6
What is the ten thousands digit of 47994?
4
What is the tens digit of 458?
5
What is the tens digit of 83647?
4
What is the ten thousands digit of 60413?
6
What is the units digit of 473?
3
What is the tens digit of 72831?
3
What is the units digit of 756?
6
What is the tens digit of 1021?
2
What is the thousands digit of 1652?
1
What is the tens digit of 70?
7
What is the units digit of 9673?
3
What is the thousands digit of 2907?
2
What is the units digit of 19187?
7
What is the units digit of 8901?
1
What is the tens digit of 1248?
4
What is the ten thousands digit of 53500?
5
What is the thousands digit of 1943?
1
What is the hundreds digit of 1868?
8
What is the units digit of 84306?
6
What is the thousands digit of 151482?
1
What is the ten thousands digit of 16417?
1
What is the thousands digit of 1307?
1
What is the units digit of 1730